{"id":1031,"date":"2020-12-01T11:02:11","date_gmt":"2020-12-01T11:02:11","guid":{"rendered":"https:\/\/dev.ggs-oberforstbach.de\/?page_id=1031"},"modified":"2025-12-02T08:13:14","modified_gmt":"2025-12-02T08:13:14","slug":"lernzeit","status":"publish","type":"page","link":"https:\/\/www.ggs-oberforstbach.de\/index.php\/lernzeit\/","title":{"rendered":"Lernzeit"},"content":{"rendered":"\n<h1 class=\"wp-block-heading\">Informationen zur Lernzeit<\/h1>\n\n\n<div class=\"wp-block-image\">\n<figure class=\"aligncenter size-large is-resized\"><img loading=\"lazy\" decoding=\"async\" width=\"1024\" height=\"768\" src=\"https:\/\/www.ggs-oberforstbach.de\/wp-content\/uploads\/2021\/08\/Lernzeit1-1024x768.jpg\" alt=\"\" class=\"wp-image-1774\" style=\"width:423px;height:318px\" srcset=\"https:\/\/www.ggs-oberforstbach.de\/wp-content\/uploads\/2021\/08\/Lernzeit1-1024x768.jpg 1024w, https:\/\/www.ggs-oberforstbach.de\/wp-content\/uploads\/2021\/08\/Lernzeit1-300x225.jpg 300w, https:\/\/www.ggs-oberforstbach.de\/wp-content\/uploads\/2021\/08\/Lernzeit1-768x576.jpg 768w, https:\/\/www.ggs-oberforstbach.de\/wp-content\/uploads\/2021\/08\/Lernzeit1-1536x1152.jpg 1536w, https:\/\/www.ggs-oberforstbach.de\/wp-content\/uploads\/2021\/08\/Lernzeit1-2048x1536.jpg 2048w\" sizes=\"auto, (max-width: 1024px) 100vw, 1024px\" \/><figcaption class=\"wp-element-caption\">Lernmaterialien auf Tisch<\/figcaption><\/figure><\/div>\n\n\n<p>Die Lernzeit, in der die Sch\u00fclerinnen und Sch\u00fcler ihre Hausaufgaben machen, findet montags bis donnerstags nach dem Mittagessen und einer Bewegungspause zwischen 13.15 und 15.00 Uhr statt. Das 1. und 2. Schuljahr um 13.15 \u2013 13.45 Uhr,\u00a0das 3. und 4. Schuljahr um 14.00 \u2013 14.45 Uhr. F\u00fcr eine ruhige und qualifizierte Betreuung bei der Bearbeitung der Hausaufgaben stehen den Kindern eine Lehrerin oder eine OGS-Betreuerin zur Verf\u00fcgung. Freitags bekommen die Sch\u00fcler*innen keine Hausaufgaben auf. <\/p>\n\n\n\n<p>Bei den Hausaufgaben werden Hilfestellungen falls n\u00f6tig gegeben. Das <strong>eigenst\u00e4ndige Lernen<\/strong> der Kinder steht im Vordergrund. Nicht verstandene oder nicht zu bearbeitende Lernaufgaben werden der zust\u00e4ndigen Lehrkraft schriftlich r\u00fcckgemeldet.<\/p>\n\n\n\n<p>Wenn die Situation und die Zeit es erm\u00f6glicht, wird auf Fehler hingewiesen und zur Verbesserung angeregt. Grunds\u00e4tzlich erfolgt aber keine Kontrolle auf Richtigkeit. Die Besprechung und W\u00fcrdigung der Hausaufgaben geschieht durch die Lehrerin im folgenden Unterricht. Kinder, die fr\u00fcher mit ihren Aufgaben fertig sind, k\u00f6nnen mit Freiarbeitsmaterial selbstst\u00e4ndig weiter arbeiten.<\/p>\n\n\n\n<p>Die Hausaufgaben werden vom Lernzeitteam grunds\u00e4tzlich auf Vollst\u00e4ndigkeit \u00fcberpr\u00fcft.<\/p>\n\n\n\n<p>Komplett fertig gestellte Hausaufgaben werden im Hausaufgabenheft mit einem gr\u00fcnen Stift abgezeichnet und mit dem jeweiligen K\u00fcrzel der Lehrerin oder Betreuerin versehen. Wenn Kinder ihre Hausaufgaben wegen Unkonzentriertheit oder Ablenkung nicht vollst\u00e4ndig schaffen, markiert ein gr\u00fcner Lernzeit-Stempel im Heft oder Buch wie viel ihr Kind in der Lernzeit geschafft hat.<\/p>\n\n\n<div class=\"wp-block-image\">\n<figure class=\"aligncenter size-full\"><img loading=\"lazy\" decoding=\"async\" width=\"144\" height=\"129\" src=\"https:\/\/www.ggs-oberforstbach.de\/wp-content\/uploads\/2021\/08\/Stempel.png\" alt=\"\" class=\"wp-image-1768\"\/><\/figure><\/div>\n\n\n<p>Die noch zu erledigende Hausaufgabe wird im Hausaufgabenheft mit einem gr\u00fcnen Textmarker gekennzeichnet, so dass sie als Eltern einen schnellen und guten \u00dcberblick \u00fcber die Hausaufgabensituation haben.<\/p>\n\n\n\n<p><\/p>\n\n\n\n<p><\/p>\n\n\n\n<p>Wenn Ihnen bez\u00fcglich der Lernzeit etwas auf dem Herzen liegt, k\u00f6nnen Sie uns gerne \u00fcber das Hausaufgabenheft Ihrer Kinder oder \u00fcber <a href=\"mailto: ogs.oberforstbach@invia-aachen.de\" data-type=\"mailto\" data-id=\"mailto: ogs.oberforstbach@invia-aachen.de\">Mail<\/a> (ogs-oberforstbach@invia-aachen.de) kontaktieren.<\/p>\n\n\n\n<p>Auf eine gute Lernzeit und vor allem gute Zusammenarbeit mit Ihnen freut sich das&nbsp; Lernzeit &#8211; Team<\/p>\n","protected":false},"excerpt":{"rendered":"<p>Informationen zur Lernzeit Die Lernzeit, in der die Sch\u00fclerinnen und Sch\u00fcler ihre Hausaufgaben machen, findet montags bis donnerstags nach dem Mittagessen und einer Bewegungspause zwischen 13.15 und 15.00 Uhr statt. Das 1. und 2. Schuljahr um 13.15 \u2013 13.45 Uhr,\u00a0das 3. und 4. Schuljahr um 14.00 \u2013 14.45 Uhr. F\u00fcr eine ruhige und qualifizierte Betreuung [&hellip;]<\/p>\n","protected":false},"author":1,"featured_media":0,"parent":0,"menu_order":0,"comment_status":"closed","ping_status":"closed","template":"","meta":{"footnotes":""},"class_list":["post-1031","page","type-page","status-publish","hentry","entry"],"_links":{"self":[{"href":"https:\/\/www.ggs-oberforstbach.de\/index.php\/wp-json\/wp\/v2\/pages\/1031","targetHints":{"allow":["GET"]}}],"collection":[{"href":"https:\/\/www.ggs-oberforstbach.de\/index.php\/wp-json\/wp\/v2\/pages"}],"about":[{"href":"https:\/\/www.ggs-oberforstbach.de\/index.php\/wp-json\/wp\/v2\/types\/page"}],"author":[{"embeddable":true,"href":"https:\/\/www.ggs-oberforstbach.de\/index.php\/wp-json\/wp\/v2\/users\/1"}],"replies":[{"embeddable":true,"href":"https:\/\/www.ggs-oberforstbach.de\/index.php\/wp-json\/wp\/v2\/comments?post=1031"}],"version-history":[{"count":26,"href":"https:\/\/www.ggs-oberforstbach.de\/index.php\/wp-json\/wp\/v2\/pages\/1031\/revisions"}],"predecessor-version":[{"id":2704,"href":"https:\/\/www.ggs-oberforstbach.de\/index.php\/wp-json\/wp\/v2\/pages\/1031\/revisions\/2704"}],"wp:attachment":[{"href":"https:\/\/www.ggs-oberforstbach.de\/index.php\/wp-json\/wp\/v2\/media?parent=1031"}],"curies":[{"name":"wp","href":"https:\/\/api.w.org\/{rel}","templated":true}]}}