{"id":165,"date":"2020-09-01T20:15:12","date_gmt":"2020-09-01T20:15:12","guid":{"rendered":"http:\/\/wordpress.a-bothmann.de\/?page_id=165"},"modified":"2025-11-14T16:52:42","modified_gmt":"2025-11-14T16:52:42","slug":"foerderkonzept-glueck","status":"publish","type":"page","link":"https:\/\/www.ggs-oberforstbach.de\/index.php\/foerderkonzept-glueck\/","title":{"rendered":"F\u00f6rderkonzept &#8222;Gl\u00fcck&#8220;"},"content":{"rendered":"\n<h1 class=\"wp-block-heading\">F\u00f6rderkonzept &#8222;Gl\u00fcck&#8220;<\/h1>\n\n\n\n<figure class=\"wp-block-image size-large is-resized\"><img loading=\"lazy\" decoding=\"async\" width=\"140\" height=\"139\" src=\"https:\/\/www.ggs-oberforstbach.de\/wp-content\/uploads\/2021\/05\/glueck.png\" alt=\"\" class=\"wp-image-1173\" style=\"width:140px;height:139px\"\/><\/figure>\n\n\n\n<h2 class=\"wp-block-heading\">GL\u00dcCK f\u00fcr Kinder im Grundschulalter<\/h2>\n\n\n\n<p>Kinder, die kreativ und selbstbewusst agieren und Herausforderungen offen, neugierig und motiviert annehmen k\u00f6nnen, haben optimale Voraussetzungen f\u00fcr ein gl\u00fcckliches und gesundes Heranwachsen zu sozial-emotional kompetenten Pers\u00f6nlichkeiten.<\/p>\n\n\n\n<p>Weil in der Pers\u00f6nlichkeitsentwicklung von Kindern insbesondere durch fr\u00fche F\u00f6rderung ein wichtiger Grundstein gelegt wird, hat Malaika e.V. das F\u00f6rderkonzept Gl\u00fcck f\u00fcr Kinder im Grundschulalter entwickelt. Es ist angelehnt an das von Ernst Fritz-Schubert f\u00fcr den Sekundarbereich entwickelte <em>Schulfach Gl\u00fcck<\/em>.<\/p>\n\n\n\n<p>Ziel ist es, in Schule einen festen Bereich f\u00fcr Pers\u00f6nlichkeitsentwicklung, Selbstwirksamkeit und kreatives Schaffen zu verankern, einen Bereich, der neben dem kognitiven Lernen die k\u00f6rperlich-emotionale und die soziale Entwicklung des Kindes im Fokus hat.<\/p>\n\n\n\n<p>Mit einer regelhaften F\u00f6rdereinheit in der Woche f\u00fcr die Kinder der Klassenstufen 2 und 3 ist das Konzept in besonderem Ma\u00dfe auf Nachhaltigkeit angelegt.<\/p>\n\n\n\n<p>Das <em>F\u00f6rderkonzept Gl\u00fcck<\/em> holt die Kinder ab, in ihren individuellen F\u00e4higkeiten und Neigungen und l\u00e4dt sie ein zu:<\/p>\n\n\n\n<ul class=\"wp-block-list\">\n<li>Freude und Begeisterungsf\u00e4higkeit<\/li>\n\n\n\n<li>Neugier und Motivation<\/li>\n\n\n\n<li>Mut und Hingabe<\/li>\n\n\n\n<li>Achtsamkeit und Wertsch\u00e4tzung<\/li>\n\n\n\n<li>Zukunftsvisionen<\/li>\n<\/ul>\n\n\n\n<p><\/p>\n\n\n\n<p>Das F\u00f6rderkonzept Gl\u00fcck stellt eine willkommene Bereicherung unserer im Schulprogramm bereits verankerten Konzepte dar:<\/p>\n\n\n\n<ul class=\"wp-block-list\">\n<li>des ganzheitlichen Gesundheitskonzepts sowie<\/li>\n\n\n\n<li>des Konzepts der Bildung f\u00fcr eine nachhaltige Entwicklung.<\/li>\n<\/ul>\n\n\n\n<p>Infos zu Malaika e.V.: <a href=\"http:\/\/www.malaika-ev.de\">www.malaika-ev.de<\/a><\/p>\n\n\n\n<figure class=\"wp-block-table\"><table><tbody><tr><td>Ein Radiobeitrag der Sendung &#8222;Skala&#8220; des WDR 5 zum Thema<br>und ein weiterer Radiobeitrag &#8222;Kakadu&#8220; zum Thema<br>Zus\u00e4tzlich ein Artikel der Aachener Nachrichten von 2011 zum Thema<\/td><td><a href=\"https:\/\/www.ggs-oberforstbach.de\/wp-content\/uploads\/2021\/07\/WDR_5_Skala.mp3\">Download<\/a><br><a href=\"https:\/\/www.ggs-oberforstbach.de\/wp-content\/uploads\/2021\/07\/Radiobeitrag_Kakadu.mp3\">Download<\/a><br><a href=\"https:\/\/www.ggs-oberforstbach.de\/wp-content\/uploads\/2021\/07\/AN_2011.pdf\">Download<\/a><\/td><\/tr><\/tbody><\/table><\/figure>\n","protected":false},"excerpt":{"rendered":"<p>F\u00f6rderkonzept &#8222;Gl\u00fcck&#8220; GL\u00dcCK f\u00fcr Kinder im Grundschulalter Kinder, die kreativ und selbstbewusst agieren und Herausforderungen offen, neugierig und motiviert annehmen k\u00f6nnen, haben optimale Voraussetzungen f\u00fcr ein gl\u00fcckliches und gesundes Heranwachsen zu sozial-emotional kompetenten Pers\u00f6nlichkeiten. Weil in der Pers\u00f6nlichkeitsentwicklung von Kindern insbesondere durch fr\u00fche F\u00f6rderung ein wichtiger Grundstein gelegt wird, hat Malaika e.V. das F\u00f6rderkonzept Gl\u00fcck [&hellip;]<\/p>\n","protected":false},"author":1,"featured_media":0,"parent":0,"menu_order":0,"comment_status":"closed","ping_status":"closed","template":"","meta":{"footnotes":""},"class_list":["post-165","page","type-page","status-publish","hentry","entry"],"_links":{"self":[{"href":"https:\/\/www.ggs-oberforstbach.de\/index.php\/wp-json\/wp\/v2\/pages\/165","targetHints":{"allow":["GET"]}}],"collection":[{"href":"https:\/\/www.ggs-oberforstbach.de\/index.php\/wp-json\/wp\/v2\/pages"}],"about":[{"href":"https:\/\/www.ggs-oberforstbach.de\/index.php\/wp-json\/wp\/v2\/types\/page"}],"author":[{"embeddable":true,"href":"https:\/\/www.ggs-oberforstbach.de\/index.php\/wp-json\/wp\/v2\/users\/1"}],"replies":[{"embeddable":true,"href":"https:\/\/www.ggs-oberforstbach.de\/index.php\/wp-json\/wp\/v2\/comments?post=165"}],"version-history":[{"count":5,"href":"https:\/\/www.ggs-oberforstbach.de\/index.php\/wp-json\/wp\/v2\/pages\/165\/revisions"}],"predecessor-version":[{"id":2670,"href":"https:\/\/www.ggs-oberforstbach.de\/index.php\/wp-json\/wp\/v2\/pages\/165\/revisions\/2670"}],"wp:attachment":[{"href":"https:\/\/www.ggs-oberforstbach.de\/index.php\/wp-json\/wp\/v2\/media?parent=165"}],"curies":[{"name":"wp","href":"https:\/\/api.w.org\/{rel}","templated":true}]}}