{"id":167,"date":"2020-09-01T20:15:44","date_gmt":"2020-09-01T20:15:44","guid":{"rendered":"http:\/\/wordpress.a-bothmann.de\/?page_id=167"},"modified":"2023-11-02T17:01:25","modified_gmt":"2023-11-02T17:01:25","slug":"gesund-macht-schule","status":"publish","type":"page","link":"https:\/\/www.ggs-oberforstbach.de\/index.php\/gesund-macht-schule\/","title":{"rendered":"Gesund macht Schule"},"content":{"rendered":"\n<h1 class=\"wp-block-heading\">Gesund macht Schule<\/h1>\n\n\n\n<h2 class=\"wp-block-heading\">AOK &#8211; Gesund macht Schule<\/h2>\n\n\n\n<p>Unsere Schule nimmt am Programm \u201eGesund macht Schule\u201c der AOK teil. Neben Informationsmaterialien zum Thema \u201eGesundheit\u201c nutzen wir das Programm in folgenden Bereichen:<\/p>\n\n\n\n<ul class=\"wp-block-list\"><li>Teilnahme von Lehrerinnen unserer Schule an Fortbildungen<\/li><li>Regelm\u00e4\u00dfiger Besuch der Paten\u00e4rztin: Frau Dr. Steffen in den Klassen<\/li><li>Info-Briefe f\u00fcr Eltern<\/li><li>Teilnahme am Wettbewerb \u201eStarke Kids\u201c<\/li><\/ul>\n\n\n\n<div class=\"wp-block-image\"><figure class=\"aligncenter size-large is-resized\"><img loading=\"lazy\" decoding=\"async\" src=\"https:\/\/www.ggs-oberforstbach.de\/wp-content\/uploads\/2021\/05\/AOKgesund.gif\" alt=\"\" class=\"wp-image-1170\" width=\"495\" height=\"109\"\/><\/figure><\/div>\n","protected":false},"excerpt":{"rendered":"<p>Gesund macht Schule AOK &#8211; Gesund macht Schule Unsere Schule nimmt am Programm \u201eGesund macht Schule\u201c der AOK teil. Neben Informationsmaterialien zum Thema \u201eGesundheit\u201c nutzen wir das Programm in folgenden Bereichen: Teilnahme von Lehrerinnen unserer Schule an Fortbildungen Regelm\u00e4\u00dfiger Besuch der Paten\u00e4rztin: Frau Dr. Steffen in den Klassen Info-Briefe f\u00fcr Eltern Teilnahme am Wettbewerb \u201eStarke [&hellip;]<\/p>\n","protected":false},"author":1,"featured_media":0,"parent":0,"menu_order":0,"comment_status":"closed","ping_status":"closed","template":"","meta":{"footnotes":""},"class_list":["post-167","page","type-page","status-publish","hentry","entry"],"_links":{"self":[{"href":"https:\/\/www.ggs-oberforstbach.de\/index.php\/wp-json\/wp\/v2\/pages\/167","targetHints":{"allow":["GET"]}}],"collection":[{"href":"https:\/\/www.ggs-oberforstbach.de\/index.php\/wp-json\/wp\/v2\/pages"}],"about":[{"href":"https:\/\/www.ggs-oberforstbach.de\/index.php\/wp-json\/wp\/v2\/types\/page"}],"author":[{"embeddable":true,"href":"https:\/\/www.ggs-oberforstbach.de\/index.php\/wp-json\/wp\/v2\/users\/1"}],"replies":[{"embeddable":true,"href":"https:\/\/www.ggs-oberforstbach.de\/index.php\/wp-json\/wp\/v2\/comments?post=167"}],"version-history":[{"count":3,"href":"https:\/\/www.ggs-oberforstbach.de\/index.php\/wp-json\/wp\/v2\/pages\/167\/revisions"}],"predecessor-version":[{"id":2474,"href":"https:\/\/www.ggs-oberforstbach.de\/index.php\/wp-json\/wp\/v2\/pages\/167\/revisions\/2474"}],"wp:attachment":[{"href":"https:\/\/www.ggs-oberforstbach.de\/index.php\/wp-json\/wp\/v2\/media?parent=167"}],"curies":[{"name":"wp","href":"https:\/\/api.w.org\/{rel}","templated":true}]}}