{"id":31,"date":"2020-09-01T16:15:41","date_gmt":"2020-09-01T16:15:41","guid":{"rendered":"http:\/\/wordpress.a-bothmann.de\/?page_id=31"},"modified":"2025-12-10T18:00:46","modified_gmt":"2025-12-10T18:00:46","slug":"foerderverein","status":"publish","type":"page","link":"https:\/\/www.ggs-oberforstbach.de\/index.php\/foerderverein\/","title":{"rendered":"F\u00f6rderverein"},"content":{"rendered":"\n<h1 class=\"wp-block-heading\">Der Verein der F\u00f6rderer und Freunde der GGS Oberforstbach<\/h1>\n\n\n\n<figure class=\"wp-block-image size-large\"><img loading=\"lazy\" decoding=\"async\" width=\"1024\" height=\"768\" src=\"https:\/\/www.ggs-oberforstbach.de\/wp-content\/uploads\/2024\/05\/signal-2024-05-04-20-21-22-254-1024x768.jpg\" alt=\"\" class=\"wp-image-2604\" srcset=\"https:\/\/www.ggs-oberforstbach.de\/wp-content\/uploads\/2024\/05\/signal-2024-05-04-20-21-22-254-1024x768.jpg 1024w, https:\/\/www.ggs-oberforstbach.de\/wp-content\/uploads\/2024\/05\/signal-2024-05-04-20-21-22-254-300x225.jpg 300w, https:\/\/www.ggs-oberforstbach.de\/wp-content\/uploads\/2024\/05\/signal-2024-05-04-20-21-22-254-768x576.jpg 768w, https:\/\/www.ggs-oberforstbach.de\/wp-content\/uploads\/2024\/05\/signal-2024-05-04-20-21-22-254-1536x1152.jpg 1536w, https:\/\/www.ggs-oberforstbach.de\/wp-content\/uploads\/2024\/05\/signal-2024-05-04-20-21-22-254.jpg 2048w\" sizes=\"auto, (max-width: 1024px) 100vw, 1024px\" \/><\/figure>\n\n\n\n<p><\/p>\n\n\n\n<h2 class=\"wp-block-heading\">Zielsetzung des F\u00f6rdervereins<\/h2>\n\n\n\n<p>Seit dem 17.3.1993 gibt es den Verein der Freunde und F\u00f6rderer der GGS Oberforstbach. <\/p>\n\n\n\n<p>Der F\u00f6rderverein unterst\u00fctzt die Grundschule Oberforstbach bei der Verwirklichung ihres Schulprogramms, indem er sie materiell f\u00f6rdert. Dank der Bereitschaft vieler Mitglieder konnten in den vergangenen Jahren eine gro\u00dfe Anzahl an Materialien f\u00fcr den Schulalltag angeschafft werden und einzelne bed\u00fcrftige Kinder unterst\u00fctzt werden.<\/p>\n\n\n\n<p>Wir unterst\u00fctzen durch:<\/p>\n\n\n\n<ul class=\"wp-block-list\">\n<li>die Anschaffung von Schulmobiliar und die Gestaltung des Au\u00dfenbereichs <\/li>\n\n\n\n<li>die Beschaffung von zus\u00e4tzlichen Lehr- und Lernmitteln, Spiel- und Sportger\u00e4ten sowie B\u00fcchern f\u00fcr die Klassenb\u00fccherei<\/li>\n\n\n\n<li>verschiedene Aktivit\u00e4ten wie z.B. Zirkusprojekt, Bewirtung bei Schulfesten, Buchausstellungen<\/li>\n\n\n\n<li>Mitgliederwerbung<\/li>\n\n\n\n<li>Sponsorensuche<\/li>\n<\/ul>\n\n\n\n<p><\/p>\n\n\n\n<p>F\u00fcr die Realisierung weitere Projekte, die auch Ihren Kindern zu Gute kommt, brauchen wir Ihre Unterst\u00fctzung.<\/p>\n\n\n\n<h3 class=\"wp-block-heading\">Kontakt<\/h3>\n\n\n\n<p>E-Mail: <a href=\"mailto:foeve@ggs-oberforstbach.de\">foeve@ggs-oberforstbach.de<\/a><\/p>\n\n\n\n<p><\/p>\n\n\n\n<p>Unterst\u00fctzen k\u00f6nnen Sie den Verein der Freunde und F\u00f6rderer finanziell durch<\/p>\n\n\n\n<h3 class=\"wp-block-heading\">Mitgliedschaft<\/h3>\n\n\n\n<p><a href=\"https:\/\/www.ggs-oberforstbach.de\/wp-content\/uploads\/2021\/07\/Flyer_FoeVe_20170601.pdf\">Beitrittserkl\u00e4rung als  Download<\/a><\/p>\n\n\n\n<p>Satzung   <a href=\"https:\/\/www.ggs-oberforstbach.de\/wp-content\/uploads\/2021\/07\/Satzung_20151216.pdf\">Download<\/a><\/p>\n\n\n\n<p>Flyer  <a href=\"https:\/\/www.ggs-oberforstbach.de\/wp-content\/uploads\/2021\/07\/Flyer_FoeVe_20170601.pdf\">Download<\/a><\/p>\n\n\n\n<h3 class=\"wp-block-heading\">Spenden<\/h3>\n\n\n\n<div class=\"wp-block-columns is-layout-flex wp-container-core-columns-is-layout-9d6595d7 wp-block-columns-is-layout-flex\">\n<div class=\"wp-block-column is-layout-flow wp-block-column-is-layout-flow\">\n<p>Bank<\/p>\n\n\n\n<p>IBAN<\/p>\n\n\n\n<p>BIC<\/p>\n<\/div>\n\n\n\n<div class=\"wp-block-column is-layout-flow wp-block-column-is-layout-flow\">\n<p>Aachener Bank<\/p>\n\n\n\n<p id=\"block-2beb6a09-7bd9-437f-a502-c92b2f4affed\">DE48 3906 0180 1103 3960 14<\/p>\n\n\n\n<p id=\"block-2beb6a09-7bd9-437f-a502-c92b2f4affed\">GENODED1AAC<\/p>\n<\/div>\n<\/div>\n\n\n\n<div class=\"wp-block-columns is-layout-flex wp-container-core-columns-is-layout-9d6595d7 wp-block-columns-is-layout-flex\">\n<div class=\"wp-block-column is-layout-flow wp-block-column-is-layout-flow\">\n<p><\/p>\n<\/div>\n\n\n\n<div class=\"wp-block-column is-layout-flow wp-block-column-is-layout-flow\">\n<p id=\"block-1ab6f061-ab5d-48ba-b16e-c7b944a8bda0\"><\/p>\n\n\n\n<p><\/p>\n\n\n\n<p><\/p>\n<\/div>\n<\/div>\n\n\n\n<p>Wir bedanken uns bei unseren Mitgliedern und Spendern f\u00fcr die Unterst\u00fctzung unserer Projekte.<\/p>\n","protected":false},"excerpt":{"rendered":"<p>Der Verein der F\u00f6rderer und Freunde der GGS Oberforstbach Zielsetzung des F\u00f6rdervereins Seit dem 17.3.1993 gibt es den Verein der Freunde und F\u00f6rderer der GGS Oberforstbach. Der F\u00f6rderverein unterst\u00fctzt die Grundschule Oberforstbach bei der Verwirklichung ihres Schulprogramms, indem er sie materiell f\u00f6rdert. Dank der Bereitschaft vieler Mitglieder konnten in den vergangenen Jahren eine gro\u00dfe Anzahl [&hellip;]<\/p>\n","protected":false},"author":1,"featured_media":0,"parent":0,"menu_order":0,"comment_status":"closed","ping_status":"closed","template":"","meta":{"footnotes":""},"class_list":["post-31","page","type-page","status-publish","hentry","entry"],"_links":{"self":[{"href":"https:\/\/www.ggs-oberforstbach.de\/index.php\/wp-json\/wp\/v2\/pages\/31","targetHints":{"allow":["GET"]}}],"collection":[{"href":"https:\/\/www.ggs-oberforstbach.de\/index.php\/wp-json\/wp\/v2\/pages"}],"about":[{"href":"https:\/\/www.ggs-oberforstbach.de\/index.php\/wp-json\/wp\/v2\/types\/page"}],"author":[{"embeddable":true,"href":"https:\/\/www.ggs-oberforstbach.de\/index.php\/wp-json\/wp\/v2\/users\/1"}],"replies":[{"embeddable":true,"href":"https:\/\/www.ggs-oberforstbach.de\/index.php\/wp-json\/wp\/v2\/comments?post=31"}],"version-history":[{"count":22,"href":"https:\/\/www.ggs-oberforstbach.de\/index.php\/wp-json\/wp\/v2\/pages\/31\/revisions"}],"predecessor-version":[{"id":2717,"href":"https:\/\/www.ggs-oberforstbach.de\/index.php\/wp-json\/wp\/v2\/pages\/31\/revisions\/2717"}],"wp:attachment":[{"href":"https:\/\/www.ggs-oberforstbach.de\/index.php\/wp-json\/wp\/v2\/media?parent=31"}],"curies":[{"name":"wp","href":"https:\/\/api.w.org\/{rel}","templated":true}]}}