{"id":77,"date":"2020-09-01T17:53:32","date_gmt":"2020-09-01T17:53:32","guid":{"rendered":"http:\/\/wordpress.a-bothmann.de\/?page_id=77"},"modified":"2023-11-02T16:41:38","modified_gmt":"2023-11-02T16:41:38","slug":"schulalltag","status":"publish","type":"page","link":"https:\/\/www.ggs-oberforstbach.de\/index.php\/schulalltag\/","title":{"rendered":"Schulalltag"},"content":{"rendered":"\n<h1 class=\"wp-block-heading\">Schulalltag<\/h1>\n\n\n\n<h2 class=\"wp-block-heading\">Unterrichtszeiten<\/h2>\n\n\n\n<div class=\"wp-block-columns is-layout-flex wp-container-core-columns-is-layout-9d6595d7 wp-block-columns-is-layout-flex\">\n<div class=\"wp-block-column is-layout-flow wp-block-column-is-layout-flow\" style=\"flex-basis:33.33%\">\n<p class=\"has-text-align-right\">Unterrichtsbeginn:<\/p>\n<\/div>\n\n\n\n<div class=\"wp-block-column is-layout-flow wp-block-column-is-layout-flow\" style=\"flex-basis:66.66%\">\n<p>8.10 Uhr<\/p>\n<\/div>\n<\/div>\n\n\n\n<div class=\"wp-block-columns is-layout-flex wp-container-core-columns-is-layout-9d6595d7 wp-block-columns-is-layout-flex\">\n<div class=\"wp-block-column is-layout-flow wp-block-column-is-layout-flow\" style=\"flex-basis:33.33%\">\n<p class=\"has-text-align-right\">Offener Unterrichtsanfang:<\/p>\n<\/div>\n\n\n\n<div class=\"wp-block-column is-layout-flow wp-block-column-is-layout-flow\" style=\"flex-basis:66.66%\">\n<p>7:55 Uhr bis 8:10 Uhr<\/p>\n<\/div>\n<\/div>\n\n\n\n<div class=\"wp-block-columns is-layout-flex wp-container-core-columns-is-layout-9d6595d7 wp-block-columns-is-layout-flex\">\n<div class=\"wp-block-column is-layout-flow wp-block-column-is-layout-flow\" style=\"flex-basis:33.33%\">\n<p class=\"has-text-align-right\">1. Stunde<br>2. Stunde<br>Pause<br>Fr\u00fchst\u00fcck<br>3. Stunde<br>4.Stunde<br>Pause<br>5. Stunde<br>6. Stunde<\/p>\n\n\n\n<p><\/p>\n<\/div>\n\n\n\n<div class=\"wp-block-column is-layout-flow wp-block-column-is-layout-flow\" style=\"flex-basis:66.66%\">\n<p>08.10 Uhr bis 08.55 Uhr<br>08.55 Uhr bis 09.40 Uhr<br>09.40 Uhr bis 10.00 Uhr<br>10.00 Uhr bis 10.10 Uhr<br>10.10 Uhr bis 10.55 Uhr<br>10.55 Uhr bis 11.40 Uhr<br>11.40 Uhr bis 11.55 Uhr<br>11.55 Uhr bis 12.40 Uhr<br>12.40 Uhr bis 13.25 Uhr<\/p>\n<\/div>\n<\/div>\n\n\n\n<h2 class=\"wp-block-heading\">Offener Unterrichtsanfang<\/h2>\n\n\n\n<p>Der Unterricht beginnt jeden Morgen um 8.10 Uhr. Die Kinder kommen morgens \u00fcber den Schulhof in das Schulgeb\u00e4ude. Sie k\u00f6nnen schon ab 7.55 Uhr mit ihren Klassenlehrerinnen in die Klasse gehen und den Schulvormittag entspannt beginnen. Sie haben Zeit, miteinander zu spielen, sich zu unterhalten oder pers\u00f6nliche Gespr\u00e4che mit der Lehrerin zu f\u00fchren. <\/p>\n\n\n\n<p>Der Unterricht beginnt f\u00fcr alle Kinder zur ersten Unterrichtsstunde und endet in der Regel nicht vor dem Ende der vierten Unterrichtsstunde. F\u00fcr die Kinder der Mittagsbetreuung und der OGS besteht die Garantie, nicht vor dem offiziellen Ende der jeweiligen Betreuungsma\u00dfnahme nach Hause entlassen zu werden.<\/p>\n\n\n\n<p><\/p>\n\n\n\n<p><\/p>\n","protected":false},"excerpt":{"rendered":"<p>Schulalltag Unterrichtszeiten Unterrichtsbeginn: 8.10 Uhr Offener Unterrichtsanfang: 7:55 Uhr bis 8:10 Uhr 1. Stunde2. StundePauseFr\u00fchst\u00fcck3. Stunde4.StundePause5. Stunde6. Stunde 08.10 Uhr bis 08.55 Uhr08.55 Uhr bis 09.40 Uhr09.40 Uhr bis 10.00 Uhr10.00 Uhr bis 10.10 Uhr10.10 Uhr bis 10.55 Uhr10.55 Uhr bis 11.40 Uhr11.40 Uhr bis 11.55 Uhr11.55 Uhr bis 12.40 Uhr12.40 Uhr bis 13.25 Uhr [&hellip;]<\/p>\n","protected":false},"author":1,"featured_media":0,"parent":0,"menu_order":0,"comment_status":"closed","ping_status":"closed","template":"","meta":{"footnotes":""},"class_list":["post-77","page","type-page","status-publish","hentry","entry"],"_links":{"self":[{"href":"https:\/\/www.ggs-oberforstbach.de\/index.php\/wp-json\/wp\/v2\/pages\/77","targetHints":{"allow":["GET"]}}],"collection":[{"href":"https:\/\/www.ggs-oberforstbach.de\/index.php\/wp-json\/wp\/v2\/pages"}],"about":[{"href":"https:\/\/www.ggs-oberforstbach.de\/index.php\/wp-json\/wp\/v2\/types\/page"}],"author":[{"embeddable":true,"href":"https:\/\/www.ggs-oberforstbach.de\/index.php\/wp-json\/wp\/v2\/users\/1"}],"replies":[{"embeddable":true,"href":"https:\/\/www.ggs-oberforstbach.de\/index.php\/wp-json\/wp\/v2\/comments?post=77"}],"version-history":[{"count":6,"href":"https:\/\/www.ggs-oberforstbach.de\/index.php\/wp-json\/wp\/v2\/pages\/77\/revisions"}],"predecessor-version":[{"id":2466,"href":"https:\/\/www.ggs-oberforstbach.de\/index.php\/wp-json\/wp\/v2\/pages\/77\/revisions\/2466"}],"wp:attachment":[{"href":"https:\/\/www.ggs-oberforstbach.de\/index.php\/wp-json\/wp\/v2\/media?parent=77"}],"curies":[{"name":"wp","href":"https:\/\/api.w.org\/{rel}","templated":true}]}}